2 - -16 - -3.
8
What is the value of (-7 - (4 + -7)) + -1 + 5 - 0?
0
Evaluate (-3 + 21 - 6) + 0.
12
(-1 - (2 + -4 + -3) - -8) + -6
6
Evaluate 7 - -9 - (13 - -2) - 30.
-29
Evaluate (-151 - -154 - (19 + -1)) + -14.
-29
Calculate 22 + 17 - 17 - 23.
-1
(1 - -12) + (3 - (2 + 7)) - 15
-8
-2 + 5 - 11 - (20 - 23) - -11
6
Calculate -8 + 4 + 13 + -15 + -15.
-21
What is 4 + -8 - (13 - (22 - 8))?
-3
What is -2 + -12 + -113 + 94 - -11?
-22
Calculate (-23 - (2 - 13)) + 27.
15
What is 4 - 8 - (-23 + (27 - 15))?
7
Evaluate (-260 + 270 - (-1 + -12)) + (-6 - -2).
19
-3 + 15 + (2 + -1 + -7 - -8)
14
What is 8 - (-6 + 3 - (1 + -2 - -2))?
12
What is (2 - 2) + 1 + 0 + (-4 - 0)?
-3
Evaluate 36 + -22 + (21 - 19).
16
What is -4 - ((-30 - (-13 + -22)) + -1 + -21)?
13
Evaluate -7 - (29 + -16 + -12).
-8
4 + (-2 + 2 - (20 + -2))
-14
What is -76 + 48 - (-10 + 6)?
-24
What is -1 - (-3 + -7 + -2) - (-13 - -11)?
13
Calculate 17 + (22 - ((-3 - -21) + -8)).
29
Evaluate 10 + 10 + 14 + -33.
1
What is 17 + -17 + (10 - 11 - -7)?
6
Calculate -16 + 21 + -14 - -4.
-5
Calculate ((-22 - (-4 - 5)) + 4 - -2) + 24.
17
Calculate (-26 + -20 - -23) + 25.
2
Evaluate 80 + -97 + 26 + 5.
14
(-11 - -13) + (-7 - (-4 - 17))
16
Calculate 34 + -2 + (-4 - (10 + -14)).
32
What is the value of 31 + (-40 - -24) + (-26 - 5)?
-16
What is (-410 + 392 - (-6 + -1)) + -5?
-16
Calculate (-15 - -11 - 0) + -10 - -14.
0
What is (-1 - ((12 - 0) + -24)) + -2?
9
What is the value of -14 - ((-24 - -28) + -12)?
-6
What is the value of 35 + -52 + 32 + 1?
16
Evaluate (-2 - (7 - 25) - -3) + -5.
14
1 + 3 - (-366 - -357)
13
Evaluate 6 - (24 - (11 + 5)).
-2
What is (-1 - 2) + (81 - 83)?
-5
Calculate (8 - 12 - (-1 + -3)) + 3 + 5.
8
6 + 4 - (-6 + 12)
4
Calculate (34 - 11) + -211 + 182.
-6
What is (-2 - -7) + (-25 - -28)?
8
What is (88 - 102) + (7 - 0) - 3?
-10
What is the value of 1 - -22 - (233 - 223)?
13
What is -2 - 11 - (13 + (-4 - 8))?
-14
Calculate (0 - (10 - 11 - 5)) + (-6 - -3).
3
What is the value of 1 + -10 + (-8 - 9 - -21)?
-5
Calculate -1 - 13 - (70 + -83).
-1
What is 1 + 8 + (39 - (-30 - -47))?
31
(-8 - -15) + -1 + 2 - 18
-10
64 - 62 - (10 - -2)
-10
What is (4 - -2) + (-46 - -30)?
-10
What is 0 + 0 - ((23 - -8) + -33)?
2
Evaluate 22 + (-7 - 4 - -8) + -5.
14
2 + (9 - (-74 + 82 + (-19 - 0)))
22
What is -6 + -34 + 62 + (-1 - 5)?
16
What is the value of 0 - (43 + (-5 - 21))?
-17
What is the value of 15 + -29 - ((-2 - 1) + 1 + -4)?
-8
Calculate 8 + 2 + (-28 - -16) + 9.
7
(-8 - -1 - -5 - 1) + -8
-11
What is the value of -1 + (-4 - -27) + 3 + -28 + 29?
26
What is (1 - -10) + -21 + -7 + 4?
-13
What is the value of 0 - ((-5 - ((7 - 19) + 14)) + -26)?
33
Evaluate (2 - 9) + (-3 - (76 - 59)).
-27
Calculate -4 - ((-5 - -9 - (17 - 4)) + 6).
-1
Calculate (-26 + 5 - -1) + -3 + (3 - -6).
-14
What is -1 - (4 + -2) - (-187 - -190)?
-6
What is 9 - 6 - ((-7 - -2) + 5)?
3
What is -105 - -97 - (-4 - 2) - 21?
-23
What is the value of 2 + 1 + 16 - 18?
1
What is (-2 - (14 + -2 + -5)) + 6?
-3
What is -5 + (7 - -3) + 9 + -3 - -6?
17
Evaluate -25 - -6 - -4 - (1 + -6).
-10
(-7 - -13) + 4 + -8 - 7
-5
Evaluate (8 - (-1 + 12) - -16 - 0) + 6.
19
Evaluate (14 - (40 + 4)) + -3 + -5 + 15.
-23
What is -6 - (0 + -7) - (-17 - -14)?
4
-6 + 29 + -36 - (1 + 1)
-15
Evaluate 4 + (10 - (16 - 20)).
18
What is the value of -48 - (-12 - 6 - 8)?
-22
What is the value of (2 - 8) + 41 + (-7 - 8)?
20
What is the value of (3 - (-1 + (-13 - -7))) + 6?
16
What is -20 + -27 + 70 + (3 - -8)?
34
What is (-209 - -225) + 0 + -11?
5
((-1 - 9) + 2 - 1) + 2 + 11
4
What is 8 + 18 + -14 + -11?
1
27 - (16 + -5 + 16)
0
Evaluate 9 - (-5 + 8 + -1 + -8).
15
Evaluate -8 - 1 - (33 - (3 - -28)).
-11
-1 - (-3 - 0) - -4 - (338 - 355)
23
What is 26 + -50 - -36 - (-3 - -12)?
3
What is -1 - ((-3 + 5 + -1 - -8) + -5)?
-5
Evaluate -40 - -44 - (-7 - (0 - -1)).
12
Evaluate 8 - (7 - (0 + -2) - 7).
6
Calculate 24 + (3 - 0) + (16 - 27) + -6.
10
What is the value of -3 + -1 - (1 + -4 + 5)?
-6
Calculate 0 + -9 - (-2 - (-24 - -26)) - 2.
-7
What is the value of 13 - (-9 + -13 + 43)?
-8
What is the value of (-355 - -360) + (0 + -1 - -1) + 11?
16
Evaluate 6 + 0 - (0 - (9 - 4)).
11
Evaluate (-1 - 0 - (-3 - 5)) + -14.
-7
Calculate -3 + (2 - -15) + -23.
-9
What is 19 - (0 + 5 + -17 + 5 - -9)?
17
24 - (3 + -5 + 18)
8
Calculate -1 - (4 - (4 + -5 - 1 - -16)).
9
Evaluate 4 - (-4 + (1 - -1) + 6 + -7).
7
What is (0 - 4) + 5 + -1 + 1 + -2?
-1
What is the value of (10 - 20) + (6 + 4 - 1 - -17)?
16
What is (-14 + (13 - 8) - -17) + 12?
20
Calculate 4 + 4 + -14 + (4 - 1 - 25).
-28
What is 3 - ((21 - 5) + -40)?
27
What is the value of (1 + -1 - -3) + (-16 - -3) + 10?
0
Evaluate (14 - (4 + -10 + 27)) + 8.
1
Evaluate 46 + -55 + 43 + 0 + -18.
16
-1652 + 1633 - (-27 + 1)
7
Evaluate (12 + 8 - 20) + 27.
27
Calculate (17 - 39) + (-1 - -3) + 7.
-13
Calculate -4 + (3 - 6) - ((14 - 11) + -17).
7
0 + -11 - (378 + -368)
-21
What is (54 - 25) + -4 + (4 - (1 - -5))?
23
What is 3 - (2 + -3) - (10 - (-9 - -19))?
4
What is (-14 - -1) + (-103 - -117)?
1
Evaluate 6 + (-10 - (0 + -4 + (-7 - -10))).
-3
Evaluate (-8 - 9 - -15) + -1 + -5.
-8
Calculate (-70 - -56) + 0 + 2.
-12
(8 - 7 - -1 - (-5 + 4)) + 3
6
Calculate 1 + (3 + -1 - (89 + -88)).
2
What is 16 + -22 + 2 - (-5 - (-4 + -38))?
-41
Calculate 20 - (-2 - (-38 - -11)).
-5
Evaluate -13 - -16 - (1 + -2 + -2 - -9).
-3
1 - (11 + 7) - -9
-8
10 + (-6 - 19) - -10
-5
Calculate -12 - (-7 + -9) - 18.
-14
What is 11 + -4 + (-16 - 1)?
-10
-52 + -35 + 67 + -6
-26
Calculate 8 + 2 + -4 + (-47 - -42).
1
Evaluate -8 + (-12 - -3) + 23 + (7 - 3).
10
Calculate 0 + (-2 - -5 - (-30 - -23)).
10
(-14 + 3 - -9) + 4 - -5
7
What is -17 + (-25 - (-20 + -1))?
-21
Evaluate 24 + 30 + -26 + -53.
-25
Evaluate (5 - 25) + 5 - (1 - 3).
-13
Calculate -2 + 9 + 14 + (0 - 11).
10
What is 31 + (-25 - (14 + -18))?
10
Evaluate (-2 - -6) + -1 + (4 - (-5 + 9)).
3
What is -2 + 20 - (165 - 146)?
-1
What is -8 - ((2 - (8 - 2)) + 10 + -3)?
-11
What is the value of (-20 - -4) + -10 + 16 + 21?
11
Calculate 11 + (4 - (1 + -7 + 2)) + 6.
25
10 + -3 + 5 + 0 + -16 + 21
17
Calculate (-1 - 1 - -4) + (-38 - -43).
7
What is -4 - (-2 - -2 - -5 - 19)?
10
What is 0 + 1 + 14 + -17 + 5 + 16?
19
Evaluate (2 - (4 + -10 + 2)) + -7.
-1
Calculate (-316 - -308) + 1 + -26 - -9.
-24
Calculate -19 + 0 + -20 + 68.
29
What is (-1 + 5 + -2 - 3) + -514 + 526?
11
Evaluate 19 + (-12 - 2) - 16.
-11
What is the value of -10 + -18 + 11 + 0 + -2?
-19
What is (-20 - -14) + -17 + 8?
-15
(1 - -28 - 3) + -36
-10
What is the value of 11 + 19 + -11 + -5 + 26?
40
Calculate 25 + -3 + -9 + -4 + 1.
10
What is the value of 0 + 4 + (14 - 8) + -11 - -7?
6
Calculate -1 + (19 - 10) + 18 - 15.
11
What is 0 + 2 + 29 - (837 + -836)?
30
What is -25 + (29 - 15) + 1?
-10
What is -12 - (-16 + -5) - 15?
-6
What is the value of -41 + 1 + -581 + 602?
-19
3 + 1 - (-12 - (1 - 8) - -20)
-11
(6 - 16 - 9 - -10) + -3
-12
Evaluate -4 + -6 + (5 - -6).
1
What is (-52 - -46) + -1 + 1 + 1 + 2?
-3
What is the value of 2 - (-23 - -8 - -7)?
10
What is -10 + 2 + -3 + 1 + 13 + -9?
-6
Calculate -1 - (-10 + -1 + 15 + 2) - 14.
-21
Calculate 20 - (4 - -4) - (7 + -1) - 14.
-8
43 + (-62 - -29 - -3)
13
(-25 - -52) + 20 - 20
27
Evaluate -12 + 1 + 18 + -13 + -9 + 4.
-11
Evaluate -42 - -26 - (-2 + -2) - -2.
-10
Evaluate 8 + -20 - ((-5 - -7) + 9).
-23
What is the value of -11 + -8 + 3 + (10 - 13)?
-19
Evaluate -19 + 0 - (35 + -34).
-20
Calculate 5 - (1 - -7 - (11 - 4) - -6).
-2
Calculate -8 + 85 + (-20 - 26).
31
Evaluate 6 - 1 - (133 - 68 - 54).
-6
What is 15 - (81 - 45 - 24)?
3
What is the value of 166 + -136 + -20 + 5?
15
-2 - (-8 - 11) - 10
7
What is -41 - (-19 + 24) - -29?
-17
Evaluate (-7 - -41 - (8 + 1)) + -9 - -7.
23
(-49 + -18 - -30) + 26
-11
2 + 7 - (21 + 6 - 11)
-7
What is (5 - 1) + (-122 - -115)?
-3
-5 + 0 + (13 - (-36 - -22))
22
Calculate 7 + (2 - (-13 + 13)) + 9.
18
What is 1 + (-6 - -14) + (0 - 17)?
-8
What is 59 + 47 + -82 - (-1 - -13)?
12
Calculate -2 + ((1 - 10) + 5 - -5).
-1
What is (9 - 5) + 11 + -4 + -1?
10
Calculate -2 + 19 + (5 - (-4 + 14)) + -1.
11
What is 145 + -139 + (-1 - -14) - 33?
-14
Calculate (-109 - -93) + (-3 - (1 + 4 + -4)).
-20
Evaluate 6 + (78 + -85 - (-1 + -1)) - -24.
25
Calculate -20 + (0 - -12 - (-2 + 5)).
-11
Evaluate (-8 + 6 - -4 - -4 - 2) + 18.
22
What is the value of 16 - 27 -